{"id":417921,"date":"2025-05-25T23:24:52","date_gmt":"2025-05-25T21:24:52","guid":{"rendered":"https:\/\/paulinenaue.info\/?page_id=417921"},"modified":"2025-05-25T23:29:52","modified_gmt":"2025-05-25T21:29:52","slug":"einschaltbild-mai-2025-storch-auf-der-shilow-ranch","status":"publish","type":"page","link":"https:\/\/paulinenaue.info\/index.php\/einschaltbild-mai-2025-storch-auf-der-shilow-ranch\/","title":{"rendered":"Einschaltbild Mai 2025"},"content":{"rendered":"<h3>Storch auf der ,Shilow-Ranch\u2018<\/h3>\n<div id=\"attachment_417899\" style=\"width: 1010px\" class=\"wp-caption alignnone\"><a href=\"https:\/\/paulinenaue.info\/wp-content\/uploads\/2025\/05\/2025-05-01-Storch-auf-Ranch-01.jpeg\"><img decoding=\"async\" aria-describedby=\"caption-attachment-417899\" data-attachment-id=\"417899\" data-permalink=\"https:\/\/paulinenaue.info\/index.php\/einschaltbild-mai-2025-storch-auf-der-shilow-ranch\/2025-05-01-storch-auf-ranch-01\/\" data-orig-file=\"https:\/\/paulinenaue.info\/wp-content\/uploads\/2025\/05\/2025-05-01-Storch-auf-Ranch-01.jpeg\" data-orig-size=\"1000,667\" data-comments-opened=\"1\" data-image-meta=\"{&quot;aperture&quot;:&quot;6.3&quot;,&quot;credit&quot;:&quot;&quot;,&quot;camera&quot;:&quot;DSC-RX10M3&quot;,&quot;caption&quot;:&quot;&quot;,&quot;created_timestamp&quot;:&quot;1746130903&quot;,&quot;copyright&quot;:&quot;&quot;,&quot;focal_length&quot;:&quot;52.82&quot;,&quot;iso&quot;:&quot;100&quot;,&quot;shutter_speed&quot;:&quot;0.001&quot;,&quot;title&quot;:&quot;&quot;,&quot;orientation&quot;:&quot;1&quot;}\" data-image-title=\"Mai 2025: Ein Storch sitzt auf dem Turm der ehemaligen \u201eShiloh Ranch\u201c zwischen Paulinenaue und Berge\" data-image-description=\"&lt;p&gt;Der Storch auf dem Turm der ehemaligen \u201eShiloh Ranch\u201c zwischen Paulinenaue und Berge. Foto: J. Scholz 2025&lt;\/p&gt;\n\" data-image-caption=\"&lt;p&gt;Ein Storch sitzt auf dem Turm der ehemaligen \u201eShiloh Ranch\u201c zwischen Paulinenaue und Berge. Foto: J. Scholz 2025&lt;\/p&gt;\n\" data-large-file=\"https:\/\/paulinenaue.info\/wp-content\/uploads\/2025\/05\/2025-05-01-Storch-auf-Ranch-01.jpeg\" class=\"lazyload wp-image-417899 size-full\" src=\"https:\/\/paulinenaue.info\/wp-content\/uploads\/2025\/05\/2025-05-01-Storch-auf-Ranch-01.jpeg\" data-orig-src=\"https:\/\/paulinenaue.info\/wp-content\/uploads\/2025\/05\/2025-05-01-Storch-auf-Ranch-01.jpeg\" alt=\"\" width=\"1000\" height=\"667\" srcset=\"data:image\/svg+xml,%3Csvg%20xmlns%3D%27http%3A%2F%2Fwww.w3.org%2F2000%2Fsvg%27%20width%3D%271000%27%20height%3D%27667%27%20viewBox%3D%270%200%201000%20667%27%3E%3Crect%20width%3D%271000%27%20height%3D%27667%27%20fill-opacity%3D%220%22%2F%3E%3C%2Fsvg%3E\" data-srcset=\"https:\/\/paulinenaue.info\/wp-content\/uploads\/2025\/05\/2025-05-01-Storch-auf-Ranch-01-200x133.jpeg 200w, https:\/\/paulinenaue.info\/wp-content\/uploads\/2025\/05\/2025-05-01-Storch-auf-Ranch-01-300x200.jpeg 300w, https:\/\/paulinenaue.info\/wp-content\/uploads\/2025\/05\/2025-05-01-Storch-auf-Ranch-01-400x267.jpeg 400w, https:\/\/paulinenaue.info\/wp-content\/uploads\/2025\/05\/2025-05-01-Storch-auf-Ranch-01-600x400.jpeg 600w, https:\/\/paulinenaue.info\/wp-content\/uploads\/2025\/05\/2025-05-01-Storch-auf-Ranch-01-768x512.jpeg 768w, https:\/\/paulinenaue.info\/wp-content\/uploads\/2025\/05\/2025-05-01-Storch-auf-Ranch-01-800x534.jpeg 800w, https:\/\/paulinenaue.info\/wp-content\/uploads\/2025\/05\/2025-05-01-Storch-auf-Ranch-01.jpeg 1000w\" data-sizes=\"auto\" data-orig-sizes=\"(max-width: 1000px) 100vw, 1000px\" \/><\/a><p id=\"caption-attachment-417899\" class=\"wp-caption-text\"><em>Ein Storch sitzt auf dem Turm der ehemaligen \u201eShiloh Ranch\u201c zwischen Paulinenaue und Berge. Foto: J. Scholz 2025<\/em><\/p><\/div>\n","protected":false},"excerpt":{"rendered":"<p>Storch auf der ,Shilow-Ranch\u2018<\/p>\n","protected":false},"author":1,"featured_media":0,"parent":0,"menu_order":0,"comment_status":"closed","ping_status":"closed","template":"","meta":{"_acf_changed":false,"_price":"","_stock":"","_tribe_ticket_header":"","_tribe_default_ticket_provider":"","_tribe_ticket_capacity":"0","_ticket_start_date":"","_ticket_end_date":"","_tribe_ticket_show_description":"","_tribe_ticket_show_not_going":false,"_tribe_ticket_use_global_stock":"","_tribe_ticket_global_stock_level":"","_global_stock_mode":"","_global_stock_cap":"","_tribe_rsvp_for_event":"","_tribe_ticket_going_count":"","_tribe_ticket_not_going_count":"","_tribe_tickets_list":"[]","_tribe_ticket_has_attendee_info_fields":false,"jetpack_post_was_ever_published":false,"footnotes":"","_tec_slr_enabled":"","_tec_slr_layout":""},"class_list":["post-417921","page","type-page","status-publish","hentry"],"acf":[],"yoast_head":"<!-- This site is optimized with the Yoast SEO plugin v27.5 - https:\/\/yoast.com\/product\/yoast-seo-wordpress\/ -->\n<title>Einschaltbild Mai 2025 - Paulinenaue<\/title>\n<meta name=\"robots\" content=\"index, follow, max-snippet:-1, max-image-preview:large, max-video-preview:-1\" \/>\n<link rel=\"canonical\" href=\"https:\/\/paulinenaue.info\/index.php\/einschaltbild-mai-2025-storch-auf-der-shilow-ranch\/\" \/>\n<meta property=\"og:locale\" content=\"de_DE\" \/>\n<meta property=\"og:type\" content=\"article\" \/>\n<meta property=\"og:title\" content=\"Einschaltbild Mai 2025 - Paulinenaue\" \/>\n<meta property=\"og:description\" content=\"Storch auf der ,Shilow-Ranch\u2018\" \/>\n<meta property=\"og:url\" content=\"https:\/\/paulinenaue.info\/index.php\/einschaltbild-mai-2025-storch-auf-der-shilow-ranch\/\" \/>\n<meta property=\"og:site_name\" content=\"Paulinenaue\" \/>\n<meta property=\"article:modified_time\" content=\"2025-05-25T21:29:52+00:00\" \/>\n<meta property=\"og:image\" content=\"https:\/\/paulinenaue.info\/wp-content\/uploads\/2025\/05\/2025-05-01-Storch-auf-Ranch-01.jpeg\" \/>\n\t<meta property=\"og:image:width\" content=\"1000\" \/>\n\t<meta property=\"og:image:height\" content=\"667\" \/>\n\t<meta property=\"og:image:type\" content=\"image\/jpeg\" \/>\n<meta name=\"twitter:card\" content=\"summary_large_image\" \/>\n<meta name=\"twitter:label1\" content=\"Gesch\u00e4tzte Lesezeit\" \/>\n\t<meta name=\"twitter:data1\" content=\"1\u00a0Minute\" \/>\n<script type=\"application\/ld+json\" class=\"yoast-schema-graph\">{\"@context\":\"https:\\\/\\\/schema.org\",\"@graph\":[{\"@type\":\"WebPage\",\"@id\":\"https:\\\/\\\/paulinenaue.info\\\/index.php\\\/einschaltbild-mai-2025-storch-auf-der-shilow-ranch\\\/\",\"url\":\"https:\\\/\\\/paulinenaue.info\\\/index.php\\\/einschaltbild-mai-2025-storch-auf-der-shilow-ranch\\\/\",\"name\":\"Einschaltbild Mai 2025 - Paulinenaue\",\"isPartOf\":{\"@id\":\"https:\\\/\\\/paulinenaue.info\\\/#website\"},\"primaryImageOfPage\":{\"@id\":\"https:\\\/\\\/paulinenaue.info\\\/index.php\\\/einschaltbild-mai-2025-storch-auf-der-shilow-ranch\\\/#primaryimage\"},\"image\":{\"@id\":\"https:\\\/\\\/paulinenaue.info\\\/index.php\\\/einschaltbild-mai-2025-storch-auf-der-shilow-ranch\\\/#primaryimage\"},\"thumbnailUrl\":\"https:\\\/\\\/paulinenaue.info\\\/wp-content\\\/uploads\\\/2025\\\/05\\\/2025-05-01-Storch-auf-Ranch-01.jpeg\",\"datePublished\":\"2025-05-25T21:24:52+00:00\",\"dateModified\":\"2025-05-25T21:29:52+00:00\",\"breadcrumb\":{\"@id\":\"https:\\\/\\\/paulinenaue.info\\\/index.php\\\/einschaltbild-mai-2025-storch-auf-der-shilow-ranch\\\/#breadcrumb\"},\"inLanguage\":\"de\",\"potentialAction\":[{\"@type\":\"ReadAction\",\"target\":[\"https:\\\/\\\/paulinenaue.info\\\/index.php\\\/einschaltbild-mai-2025-storch-auf-der-shilow-ranch\\\/\"]}]},{\"@type\":\"ImageObject\",\"inLanguage\":\"de\",\"@id\":\"https:\\\/\\\/paulinenaue.info\\\/index.php\\\/einschaltbild-mai-2025-storch-auf-der-shilow-ranch\\\/#primaryimage\",\"url\":\"https:\\\/\\\/paulinenaue.info\\\/wp-content\\\/uploads\\\/2025\\\/05\\\/2025-05-01-Storch-auf-Ranch-01.jpeg\",\"contentUrl\":\"https:\\\/\\\/paulinenaue.info\\\/wp-content\\\/uploads\\\/2025\\\/05\\\/2025-05-01-Storch-auf-Ranch-01.jpeg\",\"width\":1000,\"height\":667,\"caption\":\"Ein Storch sitzt auf dem Turm der ehemaligen \u201eShiloh Ranch\u201c zwischen Paulinenaue und Berge. Foto: J. Scholz 2025\"},{\"@type\":\"BreadcrumbList\",\"@id\":\"https:\\\/\\\/paulinenaue.info\\\/index.php\\\/einschaltbild-mai-2025-storch-auf-der-shilow-ranch\\\/#breadcrumb\",\"itemListElement\":[{\"@type\":\"ListItem\",\"position\":1,\"name\":\"Home\",\"item\":\"https:\\\/\\\/paulinenaue.info\\\/\"},{\"@type\":\"ListItem\",\"position\":2,\"name\":\"Einschaltbild Mai 2025\"}]},{\"@type\":\"WebSite\",\"@id\":\"https:\\\/\\\/paulinenaue.info\\\/#website\",\"url\":\"https:\\\/\\\/paulinenaue.info\\\/\",\"name\":\"Paulinenaue\",\"description\":\"Ein Dorf im Havelland\",\"potentialAction\":[{\"@type\":\"SearchAction\",\"target\":{\"@type\":\"EntryPoint\",\"urlTemplate\":\"https:\\\/\\\/paulinenaue.info\\\/?s={search_term_string}\"},\"query-input\":{\"@type\":\"PropertyValueSpecification\",\"valueRequired\":true,\"valueName\":\"search_term_string\"}}],\"inLanguage\":\"de\"}]}<\/script>\n<!-- \/ Yoast SEO plugin. -->","yoast_head_json":{"title":"Einschaltbild Mai 2025 - Paulinenaue","robots":{"index":"index","follow":"follow","max-snippet":"max-snippet:-1","max-image-preview":"max-image-preview:large","max-video-preview":"max-video-preview:-1"},"canonical":"https:\/\/paulinenaue.info\/index.php\/einschaltbild-mai-2025-storch-auf-der-shilow-ranch\/","og_locale":"de_DE","og_type":"article","og_title":"Einschaltbild Mai 2025 - Paulinenaue","og_description":"Storch auf der ,Shilow-Ranch\u2018","og_url":"https:\/\/paulinenaue.info\/index.php\/einschaltbild-mai-2025-storch-auf-der-shilow-ranch\/","og_site_name":"Paulinenaue","article_modified_time":"2025-05-25T21:29:52+00:00","og_image":[{"width":1000,"height":667,"url":"https:\/\/paulinenaue.info\/wp-content\/uploads\/2025\/05\/2025-05-01-Storch-auf-Ranch-01.jpeg","type":"image\/jpeg"}],"twitter_card":"summary_large_image","twitter_misc":{"Gesch\u00e4tzte Lesezeit":"1\u00a0Minute"},"schema":{"@context":"https:\/\/schema.org","@graph":[{"@type":"WebPage","@id":"https:\/\/paulinenaue.info\/index.php\/einschaltbild-mai-2025-storch-auf-der-shilow-ranch\/","url":"https:\/\/paulinenaue.info\/index.php\/einschaltbild-mai-2025-storch-auf-der-shilow-ranch\/","name":"Einschaltbild Mai 2025 - Paulinenaue","isPartOf":{"@id":"https:\/\/paulinenaue.info\/#website"},"primaryImageOfPage":{"@id":"https:\/\/paulinenaue.info\/index.php\/einschaltbild-mai-2025-storch-auf-der-shilow-ranch\/#primaryimage"},"image":{"@id":"https:\/\/paulinenaue.info\/index.php\/einschaltbild-mai-2025-storch-auf-der-shilow-ranch\/#primaryimage"},"thumbnailUrl":"https:\/\/paulinenaue.info\/wp-content\/uploads\/2025\/05\/2025-05-01-Storch-auf-Ranch-01.jpeg","datePublished":"2025-05-25T21:24:52+00:00","dateModified":"2025-05-25T21:29:52+00:00","breadcrumb":{"@id":"https:\/\/paulinenaue.info\/index.php\/einschaltbild-mai-2025-storch-auf-der-shilow-ranch\/#breadcrumb"},"inLanguage":"de","potentialAction":[{"@type":"ReadAction","target":["https:\/\/paulinenaue.info\/index.php\/einschaltbild-mai-2025-storch-auf-der-shilow-ranch\/"]}]},{"@type":"ImageObject","inLanguage":"de","@id":"https:\/\/paulinenaue.info\/index.php\/einschaltbild-mai-2025-storch-auf-der-shilow-ranch\/#primaryimage","url":"https:\/\/paulinenaue.info\/wp-content\/uploads\/2025\/05\/2025-05-01-Storch-auf-Ranch-01.jpeg","contentUrl":"https:\/\/paulinenaue.info\/wp-content\/uploads\/2025\/05\/2025-05-01-Storch-auf-Ranch-01.jpeg","width":1000,"height":667,"caption":"Ein Storch sitzt auf dem Turm der ehemaligen \u201eShiloh Ranch\u201c zwischen Paulinenaue und Berge. Foto: J. Scholz 2025"},{"@type":"BreadcrumbList","@id":"https:\/\/paulinenaue.info\/index.php\/einschaltbild-mai-2025-storch-auf-der-shilow-ranch\/#breadcrumb","itemListElement":[{"@type":"ListItem","position":1,"name":"Home","item":"https:\/\/paulinenaue.info\/"},{"@type":"ListItem","position":2,"name":"Einschaltbild Mai 2025"}]},{"@type":"WebSite","@id":"https:\/\/paulinenaue.info\/#website","url":"https:\/\/paulinenaue.info\/","name":"Paulinenaue","description":"Ein Dorf im Havelland","potentialAction":[{"@type":"SearchAction","target":{"@type":"EntryPoint","urlTemplate":"https:\/\/paulinenaue.info\/?s={search_term_string}"},"query-input":{"@type":"PropertyValueSpecification","valueRequired":true,"valueName":"search_term_string"}}],"inLanguage":"de"}]}},"jetpack_sharing_enabled":true,"jetpack_shortlink":"https:\/\/wp.me\/PcYhWA-1KIF","jetpack-related-posts":[{"id":418952,"url":"https:\/\/paulinenaue.info\/index.php\/storchennest\/","url_meta":{"origin":417921,"position":0},"title":"Storchennest","author":"Joachim Scholz","date":"6. M\u00e4rz 2026","format":false,"excerpt":"Das Storchennest in Paulinenaue Text: Eckhard Vierjahn F\u00fcr die Paulinenauer ist es ganz selbstverst\u00e4ndlich, dass in jedem Jahr im Fr\u00fchjahr das Storchenpaar in Paulinenaue ankommt und im August das Dorf mit seinen Jungst\u00f6rchen wieder verl\u00e4sst. Was f\u00fcr uns Normalit\u00e4t ist, findet bei so manchen Besuchern besondere Beachtung. Ich erinnere mich\u2026","rel":"","context":"\u00c4hnlicher Beitrag","block_context":{"text":"\u00c4hnlicher Beitrag","link":""},"img":{"alt_text":"","src":"https:\/\/i0.wp.com\/paulinenaue.info\/wp-content\/uploads\/2026\/03\/2010-04-24-Stoch-02.jpeg?resize=350%2C200&ssl=1","width":350,"height":200,"srcset":"https:\/\/i0.wp.com\/paulinenaue.info\/wp-content\/uploads\/2026\/03\/2010-04-24-Stoch-02.jpeg?resize=350%2C200&ssl=1 1x, https:\/\/i0.wp.com\/paulinenaue.info\/wp-content\/uploads\/2026\/03\/2010-04-24-Stoch-02.jpeg?resize=525%2C300&ssl=1 1.5x, https:\/\/i0.wp.com\/paulinenaue.info\/wp-content\/uploads\/2026\/03\/2010-04-24-Stoch-02.jpeg?resize=700%2C400&ssl=1 2x"},"classes":[]},{"id":419125,"url":"https:\/\/paulinenaue.info\/index.php\/einschaltbild-maerz-2026\/","url_meta":{"origin":417921,"position":1},"title":"Einschaltbild M\u00e4rz 2026","author":"Joachim Scholz","date":"12. M\u00e4rz 2026","format":false,"excerpt":"","rel":"","context":"\u00c4hnlicher Beitrag","block_context":{"text":"\u00c4hnlicher Beitrag","link":""},"img":{"alt_text":"","src":"https:\/\/i0.wp.com\/paulinenaue.info\/wp-content\/uploads\/2026\/03\/2010-04-24-Stoch-02.jpeg?resize=350%2C200&ssl=1","width":350,"height":200,"srcset":"https:\/\/i0.wp.com\/paulinenaue.info\/wp-content\/uploads\/2026\/03\/2010-04-24-Stoch-02.jpeg?resize=350%2C200&ssl=1 1x, https:\/\/i0.wp.com\/paulinenaue.info\/wp-content\/uploads\/2026\/03\/2010-04-24-Stoch-02.jpeg?resize=525%2C300&ssl=1 1.5x, https:\/\/i0.wp.com\/paulinenaue.info\/wp-content\/uploads\/2026\/03\/2010-04-24-Stoch-02.jpeg?resize=700%2C400&ssl=1 2x"},"classes":[]},{"id":29,"url":"https:\/\/paulinenaue.info\/index.php\/neues\/","url_meta":{"origin":417921,"position":2},"title":"Neuigkeiten","author":"Elisa","date":"29. Oktober 2015","format":false,"excerpt":"","rel":"","context":"\u00c4hnlicher Beitrag","block_context":{"text":"\u00c4hnlicher Beitrag","link":""},"img":{"alt_text":"","src":"","width":0,"height":0},"classes":[]},{"id":6530,"url":"https:\/\/paulinenaue.info\/index.php\/neuigkeiten-aus-paulinenaue-2003-2014\/","url_meta":{"origin":417921,"position":3},"title":"Neuigkeiten aus Paulinenaue (2003\u20132014)","author":"Joachim Scholz","date":"29. Dezember 2021","format":false,"excerpt":"","rel":"","context":"\u00c4hnlicher Beitrag","block_context":{"text":"\u00c4hnlicher Beitrag","link":""},"img":{"alt_text":"","src":"","width":0,"height":0},"classes":[]},{"id":418388,"url":"https:\/\/paulinenaue.info\/index.php\/einschaltbild-oktober-2025\/","url_meta":{"origin":417921,"position":4},"title":"Einschaltbild Oktober 2025","author":"Joachim Scholz","date":"5. Oktober 2025","format":false,"excerpt":"","rel":"","context":"\u00c4hnlicher Beitrag","block_context":{"text":"\u00c4hnlicher Beitrag","link":""},"img":{"alt_text":"","src":"https:\/\/i0.wp.com\/paulinenaue.info\/wp-content\/uploads\/2025\/10\/11DB988B-D0EF-40D4-905E-171070A54F27_1_201_a-800x533.jpeg?resize=350%2C200&ssl=1","width":350,"height":200,"srcset":"https:\/\/i0.wp.com\/paulinenaue.info\/wp-content\/uploads\/2025\/10\/11DB988B-D0EF-40D4-905E-171070A54F27_1_201_a-800x533.jpeg?resize=350%2C200&ssl=1 1x, https:\/\/i0.wp.com\/paulinenaue.info\/wp-content\/uploads\/2025\/10\/11DB988B-D0EF-40D4-905E-171070A54F27_1_201_a-800x533.jpeg?resize=525%2C300&ssl=1 1.5x, https:\/\/i0.wp.com\/paulinenaue.info\/wp-content\/uploads\/2025\/10\/11DB988B-D0EF-40D4-905E-171070A54F27_1_201_a-800x533.jpeg?resize=700%2C400&ssl=1 2x"},"classes":[]},{"id":418698,"url":"https:\/\/paulinenaue.info\/index.php\/einschaltbild-dezember-2025\/","url_meta":{"origin":417921,"position":5},"title":"Einschaltbild Dezember 2025","author":"Joachim Scholz","date":"6. Dezember 2025","format":false,"excerpt":"","rel":"","context":"\u00c4hnlicher Beitrag","block_context":{"text":"\u00c4hnlicher Beitrag","link":""},"img":{"alt_text":"","src":"https:\/\/i0.wp.com\/paulinenaue.info\/wp-content\/uploads\/2025\/12\/2024-12-24-Kirche-mit-Stern-01.jpeg?resize=350%2C200&ssl=1","width":350,"height":200,"srcset":"https:\/\/i0.wp.com\/paulinenaue.info\/wp-content\/uploads\/2025\/12\/2024-12-24-Kirche-mit-Stern-01.jpeg?resize=350%2C200&ssl=1 1x, https:\/\/i0.wp.com\/paulinenaue.info\/wp-content\/uploads\/2025\/12\/2024-12-24-Kirche-mit-Stern-01.jpeg?resize=525%2C300&ssl=1 1.5x, https:\/\/i0.wp.com\/paulinenaue.info\/wp-content\/uploads\/2025\/12\/2024-12-24-Kirche-mit-Stern-01.jpeg?resize=700%2C400&ssl=1 2x"},"classes":[]}],"ticketed":false,"_links":{"self":[{"href":"https:\/\/paulinenaue.info\/index.php\/wp-json\/wp\/v2\/pages\/417921","targetHints":{"allow":["GET"]}}],"collection":[{"href":"https:\/\/paulinenaue.info\/index.php\/wp-json\/wp\/v2\/pages"}],"about":[{"href":"https:\/\/paulinenaue.info\/index.php\/wp-json\/wp\/v2\/types\/page"}],"author":[{"embeddable":true,"href":"https:\/\/paulinenaue.info\/index.php\/wp-json\/wp\/v2\/users\/1"}],"replies":[{"embeddable":true,"href":"https:\/\/paulinenaue.info\/index.php\/wp-json\/wp\/v2\/comments?post=417921"}],"version-history":[{"count":5,"href":"https:\/\/paulinenaue.info\/index.php\/wp-json\/wp\/v2\/pages\/417921\/revisions"}],"predecessor-version":[{"id":417927,"href":"https:\/\/paulinenaue.info\/index.php\/wp-json\/wp\/v2\/pages\/417921\/revisions\/417927"}],"wp:attachment":[{"href":"https:\/\/paulinenaue.info\/index.php\/wp-json\/wp\/v2\/media?parent=417921"}],"curies":[{"name":"wp","href":"https:\/\/api.w.org\/{rel}","templated":true}]}}