{"id":4995,"date":"2019-09-07T10:21:10","date_gmt":"2019-09-07T08:21:10","guid":{"rendered":"http:\/\/paulinenaue.info\/?page_id=4995"},"modified":"2021-04-08T19:13:14","modified_gmt":"2021-04-08T13:13:14","slug":"foerderverein-gruenes-luch-e-v","status":"publish","type":"page","link":"https:\/\/paulinenaue.info\/index.php\/foerderverein-gruenes-luch-e-v\/","title":{"rendered":"F\u00f6rderverein &#8222;Gr\u00fcnes Luch&#8220; e.V."},"content":{"rendered":"<div id=\"pl-4995\" class=\"panel-layout\">\n<div id=\"pg-4995-0\" class=\"panel-grid panel-no-style\" data-style=\"{&quot;background_image_attachment&quot;:false,&quot;background_display&quot;:&quot;tile&quot;,&quot;cell_alignment&quot;:&quot;flex-start&quot;}\" data-ratio=\"0.5\" data-ratio-direction=\"right\">\n<div id=\"pgc-4995-0-0\" class=\"panel-grid-cell\" data-style=\"{&quot;background_image_attachment&quot;:false,&quot;background_display&quot;:&quot;tile&quot;,&quot;vertical_alignment&quot;:&quot;auto&quot;}\" data-weight=\"0.66666666666667\">\n<div id=\"panel-4995-0-0-0\" class=\"so-panel widget widget_sow-editor panel-first-child panel-last-child\" data-index=\"0\" data-style=\"{&quot;background_image_attachment&quot;:false,&quot;background_display&quot;:&quot;tile&quot;}\">\n<div class=\"so-widget-sow-editor so-widget-sow-editor-base\">\n<div class=\"siteorigin-widget-tinymce textwidget\">\n<p class=\"tiny_p\">Seit seiner Gr\u00fcndung 1995 unterst\u00fctzt der Schulf\u00f6rderverein die Bildungsarbeit der Karibu-Grundschule Paulinenaue auf vielf\u00e4ltige Art und Weise.<\/p>\n<p class=\"tiny_p\">Ob es sich um den Empfang und die Mitorganisation von Schulfesten handelt, um finanzielle Zusch\u00fcsse f\u00fcr Projekte, um Preise oder um die Anschaffung von Lehr- und Spielmaterialien, der Schulf\u00f6rderverein ist dabei.<\/p>\n<p class=\"tiny_p\"><strong>Einige realisierte Projekte:<\/strong><\/p>\n<ul>\n<li>Anschaffung eines Laserdruckers zum Drucken der Zeugnisse<\/li>\n<li>Mitfinanzierung einer Musikanlage f\u00fcr festliche Anl\u00e4sse<\/li>\n<li>regelm\u00e4\u00dfiger Kauf von Spielger\u00e4ten und eines Ger\u00e4teschuppens<\/li>\n<li>Zusch\u00fcsse f\u00fcr die traditionellen Feste<\/li>\n<li>Renovierung von Klassenr\u00e4umen<\/li>\n<li>Mitfinanzierung der K\u00fcchenausstattung<\/li>\n<li>Unterst\u00fctzung der Schulbibliothek durch die Anschaffung von B\u00fcchern und H\u00f6rwerken<\/li>\n<li>Anschaffung von Laptops, Druckern und Zubeh\u00f6r f\u00fcr die Sch\u00fclerzeitung und die Schulbibliothek<\/li>\n<li>Mitfinanzierung des Hausaufgabenheftes der Schule<\/li>\n<\/ul>\n<p>&nbsp;<\/p>\n<p class=\"tiny_p\">Auch bei der Umgestaltung des Schulgel\u00e4ndes packen wir tatkr\u00e4ftig mit an. 2012 ist z.B. ein &#8222;Gr\u00fcnes Klassenzimmer&#8220; auf dem Gel\u00e4nde des ehemaligen Schulgartens geschaffen worden. In den Fr\u00fchlings- und Sommermonaten kann nun der Unterricht im Freien stattfinden. Projekte, die das Naturerleben und &#8211; verst\u00e4ndnis der Kinder f\u00f6rdern, finden hier in Zukunft ihre Umsetzung.<\/p>\n<p class=\"tiny_p\">Zur Einschulung erhalten die neuen ABC &#8211; Sch\u00fctzen eine Kiste mit Spiel- und Arbeitsmaterialien f\u00fcr die neue Klasse sowie das schulinterne Hausaufgabenheft geschenkt.<\/p>\n<p class=\"tiny_p\">Wenn Sie Interesse oder Fragen zu unserer Arbeit haben, gern selbst aktiv werden oder als neues Mitglied dem Verein beitreten m\u00f6chten, nehmen Sie einfach Kontakt zu uns auf.<\/p>\n<\/div>\n<\/div>\n<\/div>\n<\/div>\n<\/div>\n<div id=\"pg-4995-1\" class=\"panel-grid panel-no-style\" data-style=\"{&quot;background_image_attachment&quot;:false,&quot;background_display&quot;:&quot;tile&quot;,&quot;cell_alignment&quot;:&quot;flex-start&quot;}\" data-ratio=\"0.61803398\" data-ratio-direction=\"right\">\n<div id=\"pgc-4995-1-0\" class=\"panel-grid-cell\" data-style=\"{&quot;background_image_attachment&quot;:false,&quot;background_display&quot;:&quot;tile&quot;,&quot;vertical_alignment&quot;:&quot;auto&quot;}\" data-weight=\"0.50000000489134\">\n<div id=\"panel-4995-1-0-0\" class=\"so-panel widget widget_sow-editor panel-first-child panel-last-child\" data-index=\"2\" data-style=\"{&quot;background_image_attachment&quot;:false,&quot;background_display&quot;:&quot;tile&quot;}\">\n<div class=\"so-widget-sow-editor so-widget-sow-editor-base\">\n<div class=\"siteorigin-widget-tinymce textwidget\">\n<p class=\"tiny_p\"><strong>Den derzeitigen Vorstand bilden:<\/strong><\/p>\n<ul>\n<li>Frau Venzke ( Vorsitzende)<\/li>\n<li>Frau Go\u00dfmann (Stellvertreter)<\/li>\n<li>Frau Schulz (Kassenw\u00e4rtin)<\/li>\n<li>Frau Stern (Beisitzerin)<\/li>\n<li>Frau Kissmann (Beistzerin)<\/li>\n<li>Frau Mi\u00dfmann (Beisitzerin)<\/li>\n<li>Frau Kienitz-Jannermann (Beisitzerin)<\/li>\n<li>Frau Zabel (Beisitzerin)<\/li>\n<li>Herr M\u00fcller (Beisitzer)<\/li>\n<\/ul>\n<\/div>\n<\/div>\n<\/div>\n<\/div>\n<div id=\"pgc-4995-1-1\" class=\"panel-grid-cell panel-grid-cell-mobile-last\" data-weight=\"0.30901699302301\">\n<div id=\"panel-4995-1-1-0\" class=\"so-panel widget widget_sow-editor panel-first-child panel-last-child\" data-index=\"3\" data-style=\"{&quot;background_image_attachment&quot;:false,&quot;background_display&quot;:&quot;tile&quot;}\">\n<div class=\"so-widget-sow-editor so-widget-sow-editor-base\">\n<div class=\"siteorigin-widget-tinymce textwidget\">\n<p class=\"tiny_p\"><strong>Spenden k\u00f6nnen Sie jederzeit unter:<\/strong><\/p>\n<p class=\"tiny_p\">Schulverein &#8222;Gr\u00fcnes Luch&#8220; e.V.<\/p>\n<p class=\"tiny_p\">Kontodaten<\/p>\n<p class=\"tiny_p\">IBAN: DE25 16050000 3816000087<\/p>\n<p class=\"tiny_p\">BIC: WELADED1PMB<\/p>\n<p class=\"tiny_p\">MBS Potsdam<\/p>\n<p class=\"tiny_p\">Wir werden uns auch weiterhin im Sinne der Sch\u00fcler und Sch\u00fclerinnen einsetzen.<\/p>\n<p class=\"tiny_p\">Ihr Vorstand des Schulf\u00f6rdervereins &#8222;Gr\u00fcnes Luch e.V.&#8220;<\/p>\n<ul>\n<li><a href=\"http:\/\/daten2.verwaltungsportal.de\/dateien\/seitengenerator\/c5fef3764fa8f15583d2786fe712f148_beitrittserklaerung.pdf\" target=\"_blank\" rel=\"noopener noreferrer\"><strong>Beitrittserkl\u00e4rung<\/strong><\/a><\/li>\n<li><a href=\"http:\/\/daten2.verwaltungsportal.de\/dateien\/seitengenerator\/satzung_des_schulfoerdervereins.pdf\" target=\"_blank\" rel=\"noopener noreferrer\"><strong>Satzung des Schulf\u00f6rdervereins<\/strong><\/a><\/li>\n<\/ul>\n<\/div>\n<\/div>\n<\/div>\n<\/div>\n<div id=\"pgc-4995-1-2\" class=\"panel-grid-cell panel-grid-cell-empty\" data-weight=\"0.19098300208565\"><\/div>\n<\/div>\n<\/div>\n","protected":false},"excerpt":{"rendered":"<p>Seit seiner Gr\u00fcndung 1995 unterst\u00fctzt der Schulf\u00f6rderverein die Bildungsarbeit der [&hellip;]<\/p>\n","protected":false},"author":3,"featured_media":0,"parent":0,"menu_order":0,"comment_status":"closed","ping_status":"closed","template":"","meta":{"_acf_changed":false,"_price":"","_stock":"","_tribe_ticket_header":"","_tribe_default_ticket_provider":"","_tribe_ticket_capacity":"0","_ticket_start_date":"","_ticket_end_date":"","_tribe_ticket_show_description":"","_tribe_ticket_show_not_going":false,"_tribe_ticket_use_global_stock":"","_tribe_ticket_global_stock_level":"","_global_stock_mode":"","_global_stock_cap":"","_tribe_rsvp_for_event":"","_tribe_ticket_going_count":"","_tribe_ticket_not_going_count":"","_tribe_tickets_list":"[]","_tribe_ticket_has_attendee_info_fields":false,"footnotes":"","_tec_slr_enabled":"","_tec_slr_layout":""},"class_list":["post-4995","page","type-page","status-publish","hentry"],"acf":[],"yoast_head":"<!-- This site is optimized with the Yoast SEO plugin v27.5 - https:\/\/yoast.com\/product\/yoast-seo-wordpress\/ -->\n<title>F\u00f6rderverein &quot;Gr\u00fcnes Luch&quot; e.V. - Paulinenaue<\/title>\n<meta name=\"robots\" content=\"index, follow, max-snippet:-1, max-image-preview:large, max-video-preview:-1\" \/>\n<link rel=\"canonical\" href=\"https:\/\/paulinenaue.info\/index.php\/foerderverein-gruenes-luch-e-v\/\" \/>\n<meta property=\"og:locale\" content=\"de_DE\" \/>\n<meta property=\"og:type\" content=\"article\" \/>\n<meta property=\"og:title\" content=\"F\u00f6rderverein &quot;Gr\u00fcnes Luch&quot; e.V. - Paulinenaue\" \/>\n<meta property=\"og:description\" content=\"Seit seiner Gr\u00fcndung 1995 unterst\u00fctzt der Schulf\u00f6rderverein die Bildungsarbeit der [&hellip;]\" \/>\n<meta property=\"og:url\" content=\"https:\/\/paulinenaue.info\/index.php\/foerderverein-gruenes-luch-e-v\/\" \/>\n<meta property=\"og:site_name\" content=\"Paulinenaue\" \/>\n<meta property=\"article:modified_time\" content=\"2021-04-08T13:13:14+00:00\" \/>\n<meta name=\"twitter:card\" content=\"summary_large_image\" \/>\n<meta name=\"twitter:label1\" content=\"Gesch\u00e4tzte Lesezeit\" \/>\n\t<meta name=\"twitter:data1\" content=\"2\u00a0Minuten\" \/>\n<script type=\"application\/ld+json\" class=\"yoast-schema-graph\">{\"@context\":\"https:\\\/\\\/schema.org\",\"@graph\":[{\"@type\":\"WebPage\",\"@id\":\"https:\\\/\\\/paulinenaue.info\\\/index.php\\\/foerderverein-gruenes-luch-e-v\\\/\",\"url\":\"https:\\\/\\\/paulinenaue.info\\\/index.php\\\/foerderverein-gruenes-luch-e-v\\\/\",\"name\":\"F\u00f6rderverein \\\"Gr\u00fcnes Luch\\\" e.V. - Paulinenaue\",\"isPartOf\":{\"@id\":\"https:\\\/\\\/paulinenaue.info\\\/#website\"},\"datePublished\":\"2019-09-07T08:21:10+00:00\",\"dateModified\":\"2021-04-08T13:13:14+00:00\",\"breadcrumb\":{\"@id\":\"https:\\\/\\\/paulinenaue.info\\\/index.php\\\/foerderverein-gruenes-luch-e-v\\\/#breadcrumb\"},\"inLanguage\":\"de\",\"potentialAction\":[{\"@type\":\"ReadAction\",\"target\":[\"https:\\\/\\\/paulinenaue.info\\\/index.php\\\/foerderverein-gruenes-luch-e-v\\\/\"]}]},{\"@type\":\"BreadcrumbList\",\"@id\":\"https:\\\/\\\/paulinenaue.info\\\/index.php\\\/foerderverein-gruenes-luch-e-v\\\/#breadcrumb\",\"itemListElement\":[{\"@type\":\"ListItem\",\"position\":1,\"name\":\"Home\",\"item\":\"https:\\\/\\\/paulinenaue.info\\\/\"},{\"@type\":\"ListItem\",\"position\":2,\"name\":\"F\u00f6rderverein &#8222;Gr\u00fcnes Luch&#8220; e.V.\"}]},{\"@type\":\"WebSite\",\"@id\":\"https:\\\/\\\/paulinenaue.info\\\/#website\",\"url\":\"https:\\\/\\\/paulinenaue.info\\\/\",\"name\":\"Paulinenaue\",\"description\":\"Ein Dorf im Havelland\",\"potentialAction\":[{\"@type\":\"SearchAction\",\"target\":{\"@type\":\"EntryPoint\",\"urlTemplate\":\"https:\\\/\\\/paulinenaue.info\\\/?s={search_term_string}\"},\"query-input\":{\"@type\":\"PropertyValueSpecification\",\"valueRequired\":true,\"valueName\":\"search_term_string\"}}],\"inLanguage\":\"de\"}]}<\/script>\n<!-- \/ Yoast SEO plugin. -->","yoast_head_json":{"title":"F\u00f6rderverein \"Gr\u00fcnes Luch\" e.V. - Paulinenaue","robots":{"index":"index","follow":"follow","max-snippet":"max-snippet:-1","max-image-preview":"max-image-preview:large","max-video-preview":"max-video-preview:-1"},"canonical":"https:\/\/paulinenaue.info\/index.php\/foerderverein-gruenes-luch-e-v\/","og_locale":"de_DE","og_type":"article","og_title":"F\u00f6rderverein \"Gr\u00fcnes Luch\" e.V. - Paulinenaue","og_description":"Seit seiner Gr\u00fcndung 1995 unterst\u00fctzt der Schulf\u00f6rderverein die Bildungsarbeit der [&hellip;]","og_url":"https:\/\/paulinenaue.info\/index.php\/foerderverein-gruenes-luch-e-v\/","og_site_name":"Paulinenaue","article_modified_time":"2021-04-08T13:13:14+00:00","twitter_card":"summary_large_image","twitter_misc":{"Gesch\u00e4tzte Lesezeit":"2\u00a0Minuten"},"schema":{"@context":"https:\/\/schema.org","@graph":[{"@type":"WebPage","@id":"https:\/\/paulinenaue.info\/index.php\/foerderverein-gruenes-luch-e-v\/","url":"https:\/\/paulinenaue.info\/index.php\/foerderverein-gruenes-luch-e-v\/","name":"F\u00f6rderverein \"Gr\u00fcnes Luch\" e.V. - Paulinenaue","isPartOf":{"@id":"https:\/\/paulinenaue.info\/#website"},"datePublished":"2019-09-07T08:21:10+00:00","dateModified":"2021-04-08T13:13:14+00:00","breadcrumb":{"@id":"https:\/\/paulinenaue.info\/index.php\/foerderverein-gruenes-luch-e-v\/#breadcrumb"},"inLanguage":"de","potentialAction":[{"@type":"ReadAction","target":["https:\/\/paulinenaue.info\/index.php\/foerderverein-gruenes-luch-e-v\/"]}]},{"@type":"BreadcrumbList","@id":"https:\/\/paulinenaue.info\/index.php\/foerderverein-gruenes-luch-e-v\/#breadcrumb","itemListElement":[{"@type":"ListItem","position":1,"name":"Home","item":"https:\/\/paulinenaue.info\/"},{"@type":"ListItem","position":2,"name":"F\u00f6rderverein &#8222;Gr\u00fcnes Luch&#8220; e.V."}]},{"@type":"WebSite","@id":"https:\/\/paulinenaue.info\/#website","url":"https:\/\/paulinenaue.info\/","name":"Paulinenaue","description":"Ein Dorf im Havelland","potentialAction":[{"@type":"SearchAction","target":{"@type":"EntryPoint","urlTemplate":"https:\/\/paulinenaue.info\/?s={search_term_string}"},"query-input":{"@type":"PropertyValueSpecification","valueRequired":true,"valueName":"search_term_string"}}],"inLanguage":"de"}]}},"jetpack_sharing_enabled":true,"jetpack_shortlink":"https:\/\/wp.me\/PcYhWA-1iz","jetpack-related-posts":[{"id":416085,"url":"https:\/\/paulinenaue.info\/index.php\/kulturverein-zur-kommunalwahl-2024\/","url_meta":{"origin":4995,"position":0},"title":"Kulturverein zur Kommunalwahl 2024","author":"Joachim Scholz","date":"15. M\u00e4rz 2024","format":false,"excerpt":"Die Kandidaten des Kulturvereins stellen sich vor Der Paulinenauer Kulturverein pflegt mit Veranstaltungen wie dem Weihnachtsmarkt, dem Tag des offenen Denkmals oder dem Kunstfestival \u201eSchnelle Vorbeifahrten\u201c das gemeinschaftliche Leben in Paulinenaue. Unser Verein bewahrt die Geschichte unseres Ortes und h\u00e4lt sie auf der Internetseite www.paulinenaue.info lebendig. Besonders am Herzen liegt\u2026","rel":"","context":"\u00c4hnlicher Beitrag","block_context":{"text":"\u00c4hnlicher Beitrag","link":""},"img":{"alt_text":"","src":"https:\/\/i0.wp.com\/paulinenaue.info\/wp-content\/uploads\/2024\/03\/Kandidaten-Kulturverein-2024.jpeg?resize=350%2C200&ssl=1","width":350,"height":200,"srcset":"https:\/\/i0.wp.com\/paulinenaue.info\/wp-content\/uploads\/2024\/03\/Kandidaten-Kulturverein-2024.jpeg?resize=350%2C200&ssl=1 1x, https:\/\/i0.wp.com\/paulinenaue.info\/wp-content\/uploads\/2024\/03\/Kandidaten-Kulturverein-2024.jpeg?resize=525%2C300&ssl=1 1.5x, https:\/\/i0.wp.com\/paulinenaue.info\/wp-content\/uploads\/2024\/03\/Kandidaten-Kulturverein-2024.jpeg?resize=700%2C400&ssl=1 2x"},"classes":[]},{"id":6530,"url":"https:\/\/paulinenaue.info\/index.php\/neuigkeiten-aus-paulinenaue-2003-2014\/","url_meta":{"origin":4995,"position":1},"title":"Neuigkeiten aus Paulinenaue (2003\u20132014)","author":"Joachim Scholz","date":"29. Dezember 2021","format":false,"excerpt":"","rel":"","context":"\u00c4hnlicher Beitrag","block_context":{"text":"\u00c4hnlicher Beitrag","link":""},"img":{"alt_text":"","src":"","width":0,"height":0},"classes":[]},{"id":6405,"url":"https:\/\/paulinenaue.info\/index.php\/kulturverein\/paulinenaue-archiv\/","url_meta":{"origin":4995,"position":2},"title":"Archiv zur Ortsgeschichte","author":"Joachim Scholz","date":"26. Dezember 2021","format":false,"excerpt":"","rel":"","context":"\u00c4hnlicher Beitrag","block_context":{"text":"\u00c4hnlicher Beitrag","link":""},"img":{"alt_text":"","src":"https:\/\/i0.wp.com\/paulinenaue.info\/wp-content\/uploads\/2021\/12\/2021-12-26-Sicherung-Archivgut-800x414.jpg?resize=350%2C200&ssl=1","width":350,"height":200,"srcset":"https:\/\/i0.wp.com\/paulinenaue.info\/wp-content\/uploads\/2021\/12\/2021-12-26-Sicherung-Archivgut-800x414.jpg?resize=350%2C200&ssl=1 1x, https:\/\/i0.wp.com\/paulinenaue.info\/wp-content\/uploads\/2021\/12\/2021-12-26-Sicherung-Archivgut-800x414.jpg?resize=525%2C300&ssl=1 1.5x, https:\/\/i0.wp.com\/paulinenaue.info\/wp-content\/uploads\/2021\/12\/2021-12-26-Sicherung-Archivgut-800x414.jpg?resize=700%2C400&ssl=1 2x"},"classes":[]},{"id":71,"url":"https:\/\/paulinenaue.info\/index.php\/geschichten-2\/","url_meta":{"origin":4995,"position":3},"title":"Geschichte(n)","author":"Elisa","date":"22. M\u00e4rz 2016","format":false,"excerpt":"","rel":"","context":"\u00c4hnlicher Beitrag","block_context":{"text":"\u00c4hnlicher Beitrag","link":""},"img":{"alt_text":"","src":"https:\/\/i0.wp.com\/paulinenaue.info\/wp-content\/uploads\/2025\/03\/1899-Gasthof-Zu-den-drei-Landkreisen-400x228.jpeg?resize=350%2C200&ssl=1","width":350,"height":200},"classes":[]},{"id":26,"url":"https:\/\/paulinenaue.info\/index.php\/tourismus\/","url_meta":{"origin":4995,"position":4},"title":"Paulinenaue entdecken","author":"Elisa","date":"29. Oktober 2015","format":false,"excerpt":"","rel":"","context":"\u00c4hnlicher Beitrag","block_context":{"text":"\u00c4hnlicher Beitrag","link":""},"img":{"alt_text":"","src":"https:\/\/i0.wp.com\/paulinenaue.info\/wp-content\/uploads\/2025\/03\/A64D5D60-47E7-45E8-BFE3-0678F0147972_1_201_a-1200x378.jpeg?resize=350%2C200&ssl=1","width":350,"height":200,"srcset":"https:\/\/i0.wp.com\/paulinenaue.info\/wp-content\/uploads\/2025\/03\/A64D5D60-47E7-45E8-BFE3-0678F0147972_1_201_a-1200x378.jpeg?resize=350%2C200&ssl=1 1x, https:\/\/i0.wp.com\/paulinenaue.info\/wp-content\/uploads\/2025\/03\/A64D5D60-47E7-45E8-BFE3-0678F0147972_1_201_a-1200x378.jpeg?resize=525%2C300&ssl=1 1.5x, https:\/\/i0.wp.com\/paulinenaue.info\/wp-content\/uploads\/2025\/03\/A64D5D60-47E7-45E8-BFE3-0678F0147972_1_201_a-1200x378.jpeg?resize=700%2C400&ssl=1 2x, https:\/\/i0.wp.com\/paulinenaue.info\/wp-content\/uploads\/2025\/03\/A64D5D60-47E7-45E8-BFE3-0678F0147972_1_201_a-1200x378.jpeg?resize=1050%2C600&ssl=1 3x"},"classes":[]},{"id":456,"url":"https:\/\/paulinenaue.info\/index.php\/kulturverein\/","url_meta":{"origin":4995,"position":5},"title":"Paulinenauer Kulturverein","author":"Elisa","date":"22. M\u00e4rz 2016","format":false,"excerpt":"Der Paulinenauer Kulturverein e.V. wurde 2006 gegr\u00fcndet. Zu seinen Aktivit\u00e4ten geh\u00f6ren die F\u00f6rderung des kulturellen Lebens, die Besch\u00e4ftigung mit der Ortsgeschichte sowie der Denkmalschutz im Dorf. Besonders bem\u00fcht ist der Verein um den Erhalt des klassizistischen Bahnhofsgeb\u00e4udes, des wichtigsten Geb\u00e4udes von Paulinenaue. Bei den Kommunalwahlen im Juni 2024 errang der\u2026","rel":"","context":"\u00c4hnlicher Beitrag","block_context":{"text":"\u00c4hnlicher Beitrag","link":""},"img":{"alt_text":"","src":"https:\/\/i0.wp.com\/paulinenaue.info\/wp-content\/uploads\/2026\/03\/22026-01-25-Jahresversammlung-Kulturverein-600x400.jpeg?resize=350%2C200&ssl=1","width":350,"height":200,"srcset":"https:\/\/i0.wp.com\/paulinenaue.info\/wp-content\/uploads\/2026\/03\/22026-01-25-Jahresversammlung-Kulturverein-600x400.jpeg?resize=350%2C200&ssl=1 1x, https:\/\/i0.wp.com\/paulinenaue.info\/wp-content\/uploads\/2026\/03\/22026-01-25-Jahresversammlung-Kulturverein-600x400.jpeg?resize=525%2C300&ssl=1 1.5x"},"classes":[]}],"ticketed":false,"_links":{"self":[{"href":"https:\/\/paulinenaue.info\/index.php\/wp-json\/wp\/v2\/pages\/4995","targetHints":{"allow":["GET"]}}],"collection":[{"href":"https:\/\/paulinenaue.info\/index.php\/wp-json\/wp\/v2\/pages"}],"about":[{"href":"https:\/\/paulinenaue.info\/index.php\/wp-json\/wp\/v2\/types\/page"}],"author":[{"embeddable":true,"href":"https:\/\/paulinenaue.info\/index.php\/wp-json\/wp\/v2\/users\/3"}],"replies":[{"embeddable":true,"href":"https:\/\/paulinenaue.info\/index.php\/wp-json\/wp\/v2\/comments?post=4995"}],"version-history":[{"count":4,"href":"https:\/\/paulinenaue.info\/index.php\/wp-json\/wp\/v2\/pages\/4995\/revisions"}],"predecessor-version":[{"id":5805,"href":"https:\/\/paulinenaue.info\/index.php\/wp-json\/wp\/v2\/pages\/4995\/revisions\/5805"}],"wp:attachment":[{"href":"https:\/\/paulinenaue.info\/index.php\/wp-json\/wp\/v2\/media?parent=4995"}],"curies":[{"name":"wp","href":"https:\/\/api.w.org\/{rel}","templated":true}]}}