{"id":418070,"date":"2025-06-07T22:32:19","date_gmt":"2025-06-07T20:32:19","guid":{"rendered":"https:\/\/paulinenaue.info\/?post_type=tribe_events&#038;p=418070"},"modified":"2025-06-07T22:32:19","modified_gmt":"2025-06-07T20:32:19","slug":"buergerdialog-miteinander-reden","status":"publish","type":"tribe_events","link":"https:\/\/paulinenaue.info\/index.php\/event\/buergerdialog-miteinander-reden\/","title":{"rendered":"B\u00fcrgerdialog Miteinander Reden"},"content":{"rendered":"<p>Der n\u00e4chste B\u00fcrgerdialog in der Paulinenauer Dorfkirche findet zum Motto \u201eVerbundenheit: was verbindet uns\u201c? statt.<\/p>\n","protected":false},"excerpt":{"rendered":"<p>Der n\u00e4chste B\u00fcrgerdialog in der Paulinenauer Dorfkirche findet zum Motto [&hellip;]<\/p>\n","protected":false},"author":1,"featured_media":418071,"template":"","meta":{"_acf_changed":false,"_price":"","_stock":"","_tribe_ticket_header":"","_tribe_default_ticket_provider":"","_tribe_ticket_capacity":"0","_ticket_start_date":"","_ticket_end_date":"","_tribe_ticket_show_description":"","_tribe_ticket_show_not_going":false,"_tribe_ticket_use_global_stock":"","_tribe_ticket_global_stock_level":"","_global_stock_mode":"","_global_stock_cap":"","_tribe_rsvp_for_event":"","_tribe_ticket_going_count":"","_tribe_ticket_not_going_count":"","_tribe_tickets_list":"[]","_tribe_ticket_has_attendee_info_fields":false,"jetpack_post_was_ever_published":false,"_tribe_events_status":"","_tribe_events_status_reason":"","footnotes":"","_tec_slr_enabled":"","_tec_slr_layout":""},"tags":[],"tribe_events_cat":[],"class_list":["post-418070","tribe_events","type-tribe_events","status-publish","has-post-thumbnail","hentry"],"acf":[],"yoast_head":"<!-- This site is optimized with the Yoast SEO plugin v27.5 - https:\/\/yoast.com\/product\/yoast-seo-wordpress\/ -->\n<title>B\u00fcrgerdialog Miteinander Reden - Paulinenaue<\/title>\n<meta name=\"description\" content=\"Der n\u00e4chste B\u00fcrgerdialog in der Paulinenauer Dorfkirche findet zum Motto \u201eVerbundenheit: was verbindet uns\u201c? statt.\u00a0\" \/>\n<meta name=\"robots\" content=\"index, follow, max-snippet:-1, max-image-preview:large, max-video-preview:-1\" \/>\n<link rel=\"canonical\" href=\"https:\/\/paulinenaue.info\/index.php\/event\/buergerdialog-miteinander-reden\/\" \/>\n<meta property=\"og:locale\" content=\"de_DE\" \/>\n<meta property=\"og:type\" content=\"article\" \/>\n<meta property=\"og:title\" content=\"B\u00fcrgerdialog Miteinander Reden - Paulinenaue\" \/>\n<meta property=\"og:description\" content=\"Der n\u00e4chste B\u00fcrgerdialog in der Paulinenauer Dorfkirche findet zum Motto \u201eVerbundenheit: was verbindet uns\u201c? statt.\u00a0\" \/>\n<meta property=\"og:url\" content=\"https:\/\/paulinenaue.info\/index.php\/event\/buergerdialog-miteinander-reden\/\" \/>\n<meta property=\"og:site_name\" content=\"Paulinenaue\" \/>\n<meta property=\"og:image\" content=\"https:\/\/paulinenaue.info\/wp-content\/uploads\/2025\/06\/Miteinander_Reden.jpg\" \/>\n\t<meta property=\"og:image:width\" content=\"886\" \/>\n\t<meta property=\"og:image:height\" content=\"1282\" \/>\n\t<meta property=\"og:image:type\" content=\"image\/jpeg\" \/>\n<meta name=\"twitter:card\" content=\"summary_large_image\" \/>\n<meta name=\"twitter:label1\" content=\"Gesch\u00e4tzte Lesezeit\" \/>\n\t<meta name=\"twitter:data1\" content=\"1\u00a0Minute\" \/>\n<script type=\"application\/ld+json\" class=\"yoast-schema-graph\">{\"@context\":\"https:\\\/\\\/schema.org\",\"@graph\":[{\"@type\":\"WebPage\",\"@id\":\"https:\\\/\\\/paulinenaue.info\\\/index.php\\\/event\\\/buergerdialog-miteinander-reden\\\/\",\"url\":\"https:\\\/\\\/paulinenaue.info\\\/index.php\\\/event\\\/buergerdialog-miteinander-reden\\\/\",\"name\":\"B\u00fcrgerdialog Miteinander Reden - Paulinenaue\",\"isPartOf\":{\"@id\":\"https:\\\/\\\/paulinenaue.info\\\/#website\"},\"primaryImageOfPage\":{\"@id\":\"https:\\\/\\\/paulinenaue.info\\\/index.php\\\/event\\\/buergerdialog-miteinander-reden\\\/#primaryimage\"},\"image\":{\"@id\":\"https:\\\/\\\/paulinenaue.info\\\/index.php\\\/event\\\/buergerdialog-miteinander-reden\\\/#primaryimage\"},\"thumbnailUrl\":\"https:\\\/\\\/paulinenaue.info\\\/wp-content\\\/uploads\\\/2025\\\/06\\\/Miteinander_Reden.jpg\",\"datePublished\":\"2025-06-07T20:32:19+00:00\",\"description\":\"Der n\u00e4chste B\u00fcrgerdialog in der Paulinenauer Dorfkirche findet zum Motto \u201eVerbundenheit: was verbindet uns\u201c? statt.\u00a0\",\"breadcrumb\":{\"@id\":\"https:\\\/\\\/paulinenaue.info\\\/index.php\\\/event\\\/buergerdialog-miteinander-reden\\\/#breadcrumb\"},\"inLanguage\":\"de\",\"potentialAction\":[{\"@type\":\"ReadAction\",\"target\":[\"https:\\\/\\\/paulinenaue.info\\\/index.php\\\/event\\\/buergerdialog-miteinander-reden\\\/\"]}]},{\"@type\":\"ImageObject\",\"inLanguage\":\"de\",\"@id\":\"https:\\\/\\\/paulinenaue.info\\\/index.php\\\/event\\\/buergerdialog-miteinander-reden\\\/#primaryimage\",\"url\":\"https:\\\/\\\/paulinenaue.info\\\/wp-content\\\/uploads\\\/2025\\\/06\\\/Miteinander_Reden.jpg\",\"contentUrl\":\"https:\\\/\\\/paulinenaue.info\\\/wp-content\\\/uploads\\\/2025\\\/06\\\/Miteinander_Reden.jpg\",\"width\":886,\"height\":1282},{\"@type\":\"BreadcrumbList\",\"@id\":\"https:\\\/\\\/paulinenaue.info\\\/index.php\\\/event\\\/buergerdialog-miteinander-reden\\\/#breadcrumb\",\"itemListElement\":[{\"@type\":\"ListItem\",\"position\":1,\"name\":\"Home\",\"item\":\"https:\\\/\\\/paulinenaue.info\\\/\"},{\"@type\":\"ListItem\",\"position\":2,\"name\":\"Veranstaltungen\",\"item\":\"https:\\\/\\\/paulinenaue.info\\\/index.php\\\/events\\\/\"},{\"@type\":\"ListItem\",\"position\":3,\"name\":\"B\u00fcrgerdialog Miteinander Reden\"}]},{\"@type\":\"WebSite\",\"@id\":\"https:\\\/\\\/paulinenaue.info\\\/#website\",\"url\":\"https:\\\/\\\/paulinenaue.info\\\/\",\"name\":\"Paulinenaue\",\"description\":\"Ein Dorf im Havelland\",\"potentialAction\":[{\"@type\":\"SearchAction\",\"target\":{\"@type\":\"EntryPoint\",\"urlTemplate\":\"https:\\\/\\\/paulinenaue.info\\\/?s={search_term_string}\"},\"query-input\":{\"@type\":\"PropertyValueSpecification\",\"valueRequired\":true,\"valueName\":\"search_term_string\"}}],\"inLanguage\":\"de\"}]}<\/script>\n<!-- \/ Yoast SEO plugin. -->","yoast_head_json":{"title":"B\u00fcrgerdialog Miteinander Reden - Paulinenaue","description":"Der n\u00e4chste B\u00fcrgerdialog in der Paulinenauer Dorfkirche findet zum Motto \u201eVerbundenheit: was verbindet uns\u201c? statt.\u00a0","robots":{"index":"index","follow":"follow","max-snippet":"max-snippet:-1","max-image-preview":"max-image-preview:large","max-video-preview":"max-video-preview:-1"},"canonical":"https:\/\/paulinenaue.info\/index.php\/event\/buergerdialog-miteinander-reden\/","og_locale":"de_DE","og_type":"article","og_title":"B\u00fcrgerdialog Miteinander Reden - Paulinenaue","og_description":"Der n\u00e4chste B\u00fcrgerdialog in der Paulinenauer Dorfkirche findet zum Motto \u201eVerbundenheit: was verbindet uns\u201c? statt.\u00a0","og_url":"https:\/\/paulinenaue.info\/index.php\/event\/buergerdialog-miteinander-reden\/","og_site_name":"Paulinenaue","og_image":[{"width":886,"height":1282,"url":"https:\/\/paulinenaue.info\/wp-content\/uploads\/2025\/06\/Miteinander_Reden.jpg","type":"image\/jpeg"}],"twitter_card":"summary_large_image","twitter_misc":{"Gesch\u00e4tzte Lesezeit":"1\u00a0Minute"},"schema":{"@context":"https:\/\/schema.org","@graph":[{"@type":"WebPage","@id":"https:\/\/paulinenaue.info\/index.php\/event\/buergerdialog-miteinander-reden\/","url":"https:\/\/paulinenaue.info\/index.php\/event\/buergerdialog-miteinander-reden\/","name":"B\u00fcrgerdialog Miteinander Reden - Paulinenaue","isPartOf":{"@id":"https:\/\/paulinenaue.info\/#website"},"primaryImageOfPage":{"@id":"https:\/\/paulinenaue.info\/index.php\/event\/buergerdialog-miteinander-reden\/#primaryimage"},"image":{"@id":"https:\/\/paulinenaue.info\/index.php\/event\/buergerdialog-miteinander-reden\/#primaryimage"},"thumbnailUrl":"https:\/\/paulinenaue.info\/wp-content\/uploads\/2025\/06\/Miteinander_Reden.jpg","datePublished":"2025-06-07T20:32:19+00:00","description":"Der n\u00e4chste B\u00fcrgerdialog in der Paulinenauer Dorfkirche findet zum Motto \u201eVerbundenheit: was verbindet uns\u201c? statt.\u00a0","breadcrumb":{"@id":"https:\/\/paulinenaue.info\/index.php\/event\/buergerdialog-miteinander-reden\/#breadcrumb"},"inLanguage":"de","potentialAction":[{"@type":"ReadAction","target":["https:\/\/paulinenaue.info\/index.php\/event\/buergerdialog-miteinander-reden\/"]}]},{"@type":"ImageObject","inLanguage":"de","@id":"https:\/\/paulinenaue.info\/index.php\/event\/buergerdialog-miteinander-reden\/#primaryimage","url":"https:\/\/paulinenaue.info\/wp-content\/uploads\/2025\/06\/Miteinander_Reden.jpg","contentUrl":"https:\/\/paulinenaue.info\/wp-content\/uploads\/2025\/06\/Miteinander_Reden.jpg","width":886,"height":1282},{"@type":"BreadcrumbList","@id":"https:\/\/paulinenaue.info\/index.php\/event\/buergerdialog-miteinander-reden\/#breadcrumb","itemListElement":[{"@type":"ListItem","position":1,"name":"Home","item":"https:\/\/paulinenaue.info\/"},{"@type":"ListItem","position":2,"name":"Veranstaltungen","item":"https:\/\/paulinenaue.info\/index.php\/events\/"},{"@type":"ListItem","position":3,"name":"B\u00fcrgerdialog Miteinander Reden"}]},{"@type":"WebSite","@id":"https:\/\/paulinenaue.info\/#website","url":"https:\/\/paulinenaue.info\/","name":"Paulinenaue","description":"Ein Dorf im Havelland","potentialAction":[{"@type":"SearchAction","target":{"@type":"EntryPoint","urlTemplate":"https:\/\/paulinenaue.info\/?s={search_term_string}"},"query-input":{"@type":"PropertyValueSpecification","valueRequired":true,"valueName":"search_term_string"}}],"inLanguage":"de"}]}},"jetpack_sharing_enabled":true,"ticketed":false,"_links":{"self":[{"href":"https:\/\/paulinenaue.info\/index.php\/wp-json\/wp\/v2\/tribe_events\/418070","targetHints":{"allow":["GET"]}}],"collection":[{"href":"https:\/\/paulinenaue.info\/index.php\/wp-json\/wp\/v2\/tribe_events"}],"about":[{"href":"https:\/\/paulinenaue.info\/index.php\/wp-json\/wp\/v2\/types\/tribe_events"}],"author":[{"embeddable":true,"href":"https:\/\/paulinenaue.info\/index.php\/wp-json\/wp\/v2\/users\/1"}],"version-history":[{"count":1,"href":"https:\/\/paulinenaue.info\/index.php\/wp-json\/wp\/v2\/tribe_events\/418070\/revisions"}],"predecessor-version":[{"id":418072,"href":"https:\/\/paulinenaue.info\/index.php\/wp-json\/wp\/v2\/tribe_events\/418070\/revisions\/418072"}],"wp:featuredmedia":[{"embeddable":true,"href":"https:\/\/paulinenaue.info\/index.php\/wp-json\/wp\/v2\/media\/418071"}],"wp:attachment":[{"href":"https:\/\/paulinenaue.info\/index.php\/wp-json\/wp\/v2\/media?parent=418070"}],"wp:term":[{"taxonomy":"post_tag","embeddable":true,"href":"https:\/\/paulinenaue.info\/index.php\/wp-json\/wp\/v2\/tags?post=418070"},{"taxonomy":"tribe_events_cat","embeddable":true,"href":"https:\/\/paulinenaue.info\/index.php\/wp-json\/wp\/v2\/tribe_events_cat?post=418070"}],"curies":[{"name":"wp","href":"https:\/\/api.w.org\/{rel}","templated":true}]}}

Bürgerdialog Miteinander Reden

<p>Der nächste Bürgerdialog in der Paulinenauer Dorfkirche findet zum Motto „Verbundenheit: was verbindet uns“? statt.</p>

<p>Der nächste Bürgerdialog in der Paulinenauer Dorfkirche findet zum Motto [&hellip;]</p>

<!-- This site is optimized with the Yoast SEO plugin v27.5 - https://yoast.com/product/yoast-seo-wordpress/ -->
<title>Bürgerdialog Miteinander Reden - Paulinenaue</title>
<meta name="description" content="Der nächste Bürgerdialog in der Paulinenauer Dorfkirche findet zum Motto „Verbundenheit: was verbindet uns“? statt. " />
<meta name="robots" content="index, follow, max-snippet:-1, max-image-preview:large, max-video-preview:-1" />
<link rel="canonical" href="https://paulinenaue.info/index.php/event/buergerdialog-miteinander-reden/" />
<meta property="og:locale" content="de_DE" />
<meta property="og:type" content="article" />
<meta property="og:title" content="Bürgerdialog Miteinander Reden - Paulinenaue" />
<meta property="og:description" content="Der nächste Bürgerdialog in der Paulinenauer Dorfkirche findet zum Motto „Verbundenheit: was verbindet uns“? statt. " />
<meta property="og:url" content="https://paulinenaue.info/index.php/event/buergerdialog-miteinander-reden/" />
<meta property="og:site_name" content="Paulinenaue" />
<meta property="og:image" content="https://paulinenaue.info/wp-content/uploads/2025/06/Miteinander_Reden.jpg" />
	<meta property="og:image:width" content="886" />
	<meta property="og:image:height" content="1282" />
	<meta property="og:image:type" content="image/jpeg" />
<meta name="twitter:card" content="summary_large_image" />
<meta name="twitter:label1" content="Geschätzte Lesezeit" />
	<meta name="twitter:data1" content="1 Minute" />
<script type="application/ld+json" class="yoast-schema-graph">{"@context":"https:\/\/schema.org","@graph":[{"@type":"WebPage","@id":"https:\/\/paulinenaue.info\/index.php\/event\/buergerdialog-miteinander-reden\/","url":"https:\/\/paulinenaue.info\/index.php\/event\/buergerdialog-miteinander-reden\/","name":"Bürgerdialog Miteinander Reden - Paulinenaue","isPartOf":{"@id":"https:\/\/paulinenaue.info\/#website"},"primaryImageOfPage":{"@id":"https:\/\/paulinenaue.info\/index.php\/event\/buergerdialog-miteinander-reden\/#primaryimage"},"image":{"@id":"https:\/\/paulinenaue.info\/index.php\/event\/buergerdialog-miteinander-reden\/#primaryimage"},"thumbnailUrl":"https:\/\/paulinenaue.info\/wp-content\/uploads\/2025\/06\/Miteinander_Reden.jpg","datePublished":"2025-06-07T20:32:19+00:00","description":"Der nächste Bürgerdialog in der Paulinenauer Dorfkirche findet zum Motto „Verbundenheit: was verbindet uns“? statt. ","breadcrumb":{"@id":"https:\/\/paulinenaue.info\/index.php\/event\/buergerdialog-miteinander-reden\/#breadcrumb"},"inLanguage":"de","potentialAction":[{"@type":"ReadAction","target":["https:\/\/paulinenaue.info\/index.php\/event\/buergerdialog-miteinander-reden\/"]}]},{"@type":"ImageObject","inLanguage":"de","@id":"https:\/\/paulinenaue.info\/index.php\/event\/buergerdialog-miteinander-reden\/#primaryimage","url":"https:\/\/paulinenaue.info\/wp-content\/uploads\/2025\/06\/Miteinander_Reden.jpg","contentUrl":"https:\/\/paulinenaue.info\/wp-content\/uploads\/2025\/06\/Miteinander_Reden.jpg","width":886,"height":1282},{"@type":"BreadcrumbList","@id":"https:\/\/paulinenaue.info\/index.php\/event\/buergerdialog-miteinander-reden\/#breadcrumb","itemListElement":[{"@type":"ListItem","position":1,"name":"Home","item":"https:\/\/paulinenaue.info\/"},{"@type":"ListItem","position":2,"name":"Veranstaltungen","item":"https:\/\/paulinenaue.info\/index.php\/events\/"},{"@type":"ListItem","position":3,"name":"Bürgerdialog Miteinander Reden"}]},{"@type":"WebSite","@id":"https:\/\/paulinenaue.info\/#website","url":"https:\/\/paulinenaue.info\/","name":"Paulinenaue","description":"Ein Dorf im Havelland","potentialAction":[{"@type":"SearchAction","target":{"@type":"EntryPoint","urlTemplate":"https:\/\/paulinenaue.info\/?s={search_term_string}"},"query-input":{"@type":"PropertyValueSpecification","valueRequired":true,"valueName":"search_term_string"}}],"inLanguage":"de"}]}</script>
<!-- / Yoast SEO plugin. -->

Bürgerdialog Miteinander Reden - Paulinenaue

Der nächste Bürgerdialog in der Paulinenauer Dorfkirche findet zum Motto „Verbundenheit: was verbindet uns“? statt.
